*w - 19. Calculate the remainder when r(-7) is divided by 33.
29
Let b(m) = m**3 - 9*m**2 + 9*m + 3. Let n be b(9). Suppose -2*o - 4*o = -n. What is the remainder when 38 is divided by o?
10
Suppose 4 = z - 11. What is the remainder when 58 is divided by z?
13
Let p(m) = -m**3 + 13*m**2 - 13*m + 17. Calculate the remainder when 8 is divided by p(12).
3
Let n(b) = 5*b - 13. Let s = 4 - -4. Let g(x) = 2*x**2 - 1. Calculate the remainder when n(s) is divided by g(-2).
6
Suppose -6*a + a = 2*r - 5, -3*r - 24 = -3*a. Suppose j - 3*t = -t + 23, j = a*t + 19. Calculate the remainder when j is divided by 16.
15
Let q(z) = -z**2 + 5*z + 4. Let s be q(4). Let r(p) = -p + 2. Let l be r(s). Let g = 10 + l. What is the remainder when 7 is divided by g?
3
Suppose 0 = -2*x - 2*w + 6*w - 12, -30 = -5*x - 5*w. Suppose -b + 17 = -4*i - 0*i, 2*b - 44 = -x*i. What is the remainder when b is divided by 6?
3
Suppose -7*l + 2*l = -1225. Suppose -3*p - l = -5*h, 4*p + 240 = -2*h + 7*h. Let m = h + -29. What is the remainder when m is divided by 12?
11
Suppose 3*f + x = 238, -f = -3*x - x - 62. Suppose -120 = 9*q - 15*q. What is the remainder when f is divided by q?
18
Let p = -30 - -38. Calculate the remainder when (-130)/(-6) - 2/(-6) is divided by p.
6
Let r = 4 + -2. Suppose -27 = -2*x + 25. What is the remainder when x is divided by r/10 + 276/20?
12
Let z = -10 - -25. Let j = 14 - 9. Let u(r) = -r**2 + 12*r - 6. What is the remainder when u(j) is divided by z?
14
Suppose 0*h = -h + 3. Let x = -8 + h. What is the remainder when 28 is divided by (-4)/(-10) + (-48)/x?
8
Suppose -3*b = -4*n + 27, 33 = n + n + 5*b. Suppose -4*j - 4 = -x + j, -5*x - 2*j = -128. What is the remainder when x is divided by n?
6
What is the remainder when ((-2)/(-3))/(-1*1/(-48)) is divided by 19?
13
Let r = -7 + 9. Suppose 0*f - r*f = -4. Suppose f*w - 70 = -3*w. Calculate the remainder when 40 is divided by w.
12
Suppose 0*x = 2*x - 10. Let i = x - 1. Suppose -h = -i*y + 2*h + 1, 2*y = -3*h + 5. What is the remainder when 1 is divided by y?
0
Let r be 2 + 4*2/(-4). Let f = 27 + r. Calculate the remainder when f is divided by 15.
12
Suppose 0*b = 3*b + 972. Let n be 5/(-1)*b/45. Suppose 0 = 2*l + 2*l - n. Calculate the remainder when 25 is divided by l.
7
Suppose -w + 2 = 10. Let f = -20 - -36. Let p = w + f. Calculate the remainder when 30 is divided by p.
6
Suppose 4*y - 3*s = -4*s + 8, 4 = -4*y - 4*s. Suppose 4 = y*j - 5. Calculate the remainder when 7 is divided by (4 - j)/(1/3).
1
Let b(w) = w**3 + 8*w**2 + 6*w + 1. Calculate the remainder when 160 is divided by b(-4).
37
Suppose 0*v - 4*v - 236 = 0. Let n = 82 + v. Calculate the remainder when n is divided by 12.
11
What is the remainder when (2 - (0 - 1))*(-14)/(-3) is divided by 3?
2
Let m = 67 - 13. What is the remainder when m is divided by 14?
12
Let p = 223 - 95. What is the remainder when (-4)/(-6) - p/(-6) is divided by 12?
10
Suppose 3*k - 24 = -5*x, 4 - 36 = -4*x + 4*k. Suppose -37 + 121 = 4*z. Calculate the remainder when z is divided by x.
3
Suppose -4*r = r - 25. Let v be r*3*6/18. Suppose -t - 26 = -2*t - v*k, -4*k - 12 = 0. Calculate the remainder when t is divided by 14.
13
Let s(q) = 20*q**2 + 3*q + 3. Calculate the remainder when s(-2) is divided by 20.
17
Let i(z) = z**2 - z + 1. Calculate the remainder when 19 is divided by i(-2).
5
Suppose 5*q - 505 = -4*r, 7*q = 4*q - 4*r + 311. What is the remainder when q is divided by 20?
17
Let o = -5 + 7. Calculate the remainder when o is divided by (3 - 13/5)*5.
0
Let f(c) = -2*c - 5. Let r be f(-6). Suppose 2*l = -3 + r. Suppose -4*a = -5*k - 3 - 2, 5*a - 31 = -l*k. What is the remainder when 5 is divided by k?
2
Let o(u) = -u**2 - 13*u - 13. Calculate the remainder when o(-10) is divided by 5.
2
Let d = -16 - -61. What is the remainder when d is divided by (-63)/(-12) - 5 - 126/(-8)?
13
Let w = -62 - -125. What is the remainder when w is divided by 17?
12
Suppose -22 = -i - 17. What is the remainder when 7 is divided by i?
2
Let n(t) = 6*t**2 + 7*t**2 + t**2 - t**3 - 5*t**2 - 6 - 6*t. Calculate the remainder when n(8) is divided by 4.
2
Let l = 3 - -1. Suppose 0 + 6 = v - l*q, q + 40 = 2*v. Suppose 0 = -2*n + 3*h + 36, -2*h + 4*h = 2*n - 32. What is the remainder when v is divided by n?
10
Suppose 3 + 1 = j. Suppose j + 6 = 2*x. What is the remainder when 9 is divided by x?
4
Let y = 35 - 6. Calculate the remainder when 56 is divided by y.
27
Suppose -5*s + 3*w + 142 = 21, 5*s - w = 127. Calculate the remainder when s is divided by -35*(-7)/((-140)/(-8)).
12
Let u(t) = -t**3 - 6*t**2 + 3*t - 3. What is the remainder when -3 - (15/(-2))/((-2)/(-20)) is divided by u(-7)?
22
Let i(z) = 4*z - 1. Let o be i(2). Let r = o - 2. Calculate the remainder when 21*(2/(-14) + (-21)/(-21)) is divided by r.
3
Let h(x) = -x + 28. Suppose -2*o - f - 5 = -0*f, 3*f = 2*o - 7. Let j(a) = -16*a - 1. Calculate the remainder when h(0) is divided by j(o).
13
Suppose -3*v + 207 = -96. Suppose -5*u - 1 = 2*s, -4*u + 2 - 4 = 2*s. Suppose v - u = 5*t. Calculate the remainder when 58 is divided by t.
18
Let l = -6 - -11. Let i = 8 - 3. What is the remainder when (4 + l)*(-2 + 3) is divided by i?
4
Let l = 83 - 18. What is the remainder when l is divided by 17?
14
Let l(u) = 15*u - 4. What is the remainder when l(5) is divided by 25?
21
Let y(j) = -j**2 - 6*j + 5. What is the remainder when 193/7 - (-6)/14 is divided by y(-5)?
8
What is the remainder when 52 is divided by (-2)/(-1) - 104/(-4)?
24
Suppose 0*y - 3*y + 219 = 0. Calculate the remainder when y is divided by 19.
16
Let q(d) = -d**3 + 3*d - 7. Calculate the remainder when 25 is divided by q(-3).
3
Let q(w) = -w**3 - 6*w**2 + 7*w + 11. Suppose 0 = -d - 2*d + 57. What is the remainder when d is divided by q(-7)?
8
Suppose 0 = 12*o - 10*o - 8. Let g(r) = r + 2. Let s be g(2). Suppose s*x = -2 + 10. Calculate the remainder when o is divided by x.
0
Let b be -7*(1 + -4)/3. Let t = b + 2. Calculate the remainder when 26 is divided by t.
8
Let c = -89 - -105. What is the remainder when c is divided by 13?
3
Let z be 2/(-8) - 125/(-20). Let h(l) = -l**3 + 6*l**2 + 2. Let t be h(z). What is the remainder when 7 is divided by 1 - (-6 + (t - -1))?
3
What is the remainder when 30 is divided by 20/(-5) + 3 + 9?
6
Let o = 31 - 0. What is the remainder when o is divided by 4?
3
Suppose f - 64 = -3*f. What is the remainder when (-10)/55 - (-1390)/22 is divided by f?
15
Suppose 2*v + v = 123. What is the remainder when v is divided by 14?
13
Let x be 1/2 + 2/(-4). Suppose -r = 1, x = -5*n + 3*r - 6*r + 127. Suppose 4 = 5*b - 41. Calculate the remainder when n is divided by b.
8
Let x(p) = 3*p**2 - 2*p - 2. Let r be x(2). Let n(s) = 9 - r*s + s**2 - 2*s - 3*s. What is the remainder when 33 is divided by n(11)?
6
Let r(y) = -2*y**3 + 3*y**2 - 2*y - 1. Let d be r(2). Let b = d - -36. What is the remainder when b is divided by ((-21)/6)/(1/(-4))?
13
Suppose 87 = u + 2*u. Calculate the remainder when 55 is divided by u.
26
Let x be 410/(-18) + 4/(-18). Let f = -9 - x. Calculate the remainder when 55 is divided by f.
13
Suppose 7*q - 84 = 3*q. Suppose -u + 31 = 5*a, -23 = -3*u - 4*a + 3*a. Calculate the remainder when q is divided by u.
3
Suppose 5*r + 0*r - 431 = 4*i, r = 5*i + 103. What is the remainder when r is divided by 28?
27
Let o = 4 - 4. Suppose 0 = -4*n - o*n - 212. Let l = -36 - n. What is the remainder when 50 is divided by l?
16
Let g = -5 - -8. Suppose g*i - 8*i = -110. What is the remainder when i is divided by (1 - 1) + (-1 - -13)?
10
Let n = 6 - -35. Let o = n + -20. What is the remainder when o is divided by (-212)/(-20) - (-4)/10?
10
Suppose 11*h - 14 = 9*h. Calculate the remainder when 47 is divided by h.
5
Let t be 1/2 - 1830/(-12). Suppose -2*q = q - t. Suppose 0 = 5*k - 29 - q. What is the remainder when 31 is divided by k?
15
Let c(t) be the first derivative of -t**3/3 - 6*t**2 + 14*t - 2. Calculate the remainder when 3 is divided by c(-13).
0
Calculate the remainder when -5 + 0 - (2 - 39) is divided by 10.
2
Suppose 5 = 3*n - 4. Calculate the remainder when n is divided by ((5 - 3) + 2)/2.
1
Suppose -4*p = 4*u - 24, 0*u + 3*p = -u + 10. Let j = 302 + -177. Suppose w - j = -u*w. Calculate the remainder when w is divided by 9.
7
Sup